e 9) in base 3?
11010
Convert -1008 (base 16) to base 12.
-2460
What is -15027 (base 8) in base 15?
-1ea4
What is -16 (base 14) in base 6?
-32
What is 1433 (base 5) in base 3?
100000
Convert -952a (base 12) to base 2.
-11111110110010
What is -a354 (base 13) in base 16?
-5812
1b3 (base 12) to base 15
139
-21680 (base 9) to base 2
-11100001001001
a8d (base 16) to base 10
2701
2f7 (base 16) to base 12
533
What is 2ba0 (base 15) in base 16?
249f
What is d66 (base 15) in base 6?
21553
What is -1122201 (base 3) in base 11?
-9a8
Convert 31143 (base 7) to base 15.
23d6
Convert -2c2 (base 15) to base 2.
-1001111000
1748 (base 9) to base 12
938
-101212221 (base 3) to base 15
-2541
What is -688 (base 16) in base 14?
-876
-1675 (base 16) to base 7
-22522
-2655 (base 10) to base 11
-1aa4
87f4 (base 16) to base 2
1000011111110100
-837 (base 12) to base 2
-10010101011
What is 237e (base 15) in base 4?
1311320
What is 2147 (base 9) in base 16?
62e
What is -22674 (base 8) in base 11?
-7292
Convert 112210 (base 6) to base 15.
2c8c
Convert -21120 (base 6) to base 8.
-5450
Convert 2a1 (base 15) to base 9.
737
What is -2633 (base 7) in base 11?
-833
What is -6c21 (base 13) in base 12?
-8999
What is -257e (base 16) in base 10?
-9598
2b (base 16) to base 2
101011
Convert 2315 (base 9) to base 6.
11535
What is -102221 (base 3) in base 11?
-273
What is -862 (base 10) in base 16?
-35e
Convert 10001101100 (base 2) to base 3.
1112221
Convert 30394 (base 13) to base 3.
11101101201
Convert -1048 (base 9) to base 11.
-643
Convert -142334 (base 5) to base 15.
-1b7e
Convert 21641 (base 8) to base 7.
35410
103131 (base 4) to base 15
580
Convert -2317 (base 11) to base 4.
-233203
What is 130223 (base 4) in base 11?
1419
Convert 182 (base 11) to base 7.
421
What is 100001100101100 (base 2) in base 13?
7a9a
What is 2354 (base 8) in base 5?
20020
11102012 (base 3) to base 16
c92
-11001001 (base 3) to base 15
-d14
-10221011 (base 3) to base 16
-b32
Convert 1011031 (base 4) to base 7.
15625
255455 (base 6) to base 3
1011221122
-1e6 (base 15) to base 5
-3231
What is -b75 (base 16) in base 3?
-11000122
135 (base 11) to base 4
2133
10334 (base 7) to base 5
40243
-645 (base 8) to base 3
-120121
-b6 (base 15) to base 10
-171
What is -230311 (base 5) in base 16?
-200e
Convert -36505 (base 9) to base 6.
-305135
What is 954 (base 10) in base 13?
585
-10002002 (base 3) to base 2
-100011000011
Convert -51651 (base 10) to base 2.
-1100100111000011
-5407 (base 9) to base 15
-12a1
What is -10000100011110 (base 2) in base 12?
-4aa6
What is 2ee8 (base 15) in base 2?
10011110000110
What is 7602 (base 8) in base 13?
1a65
What is -26053 (base 7) in base 11?
-5201
What is 118 (base 9) in base 8?
142
Convert 2ab (base 15) to base 8.
1143
What is 1353 (base 8) in base 5?
10442
342 (base 13) to base 5
4221
Convert 60060 (base 9) to base 4.
21213330
What is 330 (base 12) in base 4?
13110
Convert 120222102 (base 3) to base 4.
2312000
What is -1010100001110011 (base 2) in base 12?
-20b57
What is 507 (base 8) in base 7?
645
Convert -1102110 (base 3) to base 16.
-40e
16330 (base 8) to base 9
11114
What is -2764 (base 9) in base 5?
-31313
What is -2120a (base 12) in base 14?
-11bd0
1e9 (base 16) to base 4
13221
-160254 (base 7) to base 4
-13221312
What is -23110021 (base 4) in base 8?
-132411
Convert -243101 (base 5) to base 7.
-35452
10021002 (base 3) to base 11
1872
What is -55003 (base 7) in base 8?
-32633
What is -792 (base 11) in base 6?
-4220
Convert -10555 (base 6) to base 11.
-1154
Convert 2123101 (base 4) to base 14.
389b
What is -3021113 (base 4) in base 13?
-5b34
-16068 (base 11) to base 5
-1211301
Convert -10121012 (base 3) to base 12.
-1628
What is -10000001001010 (base 2) in base 10?
-8266
-1d8 (base 16) to base 12
-334
-2221300 (base 4) to base 8
-25160
What is -631 (base 9) in base 7?
-1333
Convert -3898 (base 11) to base 14.
-1bc0
-200214 (base 5) to base 8
-14245
Convert -84 (base 9) to base 2.
-1001100
-37d (base 14) to base 10
-699
What is 73b (base 12) in base 9?
1402
Convert -1133102 (base 5) to base 7.
-115206
What is -2032 (base 13) in base 2?
-1000101010011
-9b56 (base 14) to base 4
-12210300
143100 (base 5) to base 14
22a5
-695 (base 15) to base 4
-113102
What is 468 (base 13) in base 12?
536
What is -42f (base 16) in base 11?
-894
Convert -b02 (base 16) to base 2.
-101100000010
Convert 7281 (base 15) to base 3.
1020012011
Convert 1000100 (base 2) to base 3.
2112
13585 (base 10) to base 15
405a
What is 4671 (base 8) in base 4?
212321
41302 (base 5) to base 10
2702
Convert -527 (base 9) to base 3.
-120221
Convert -cba (base 13) to base 6.
-14033
Convert -540 (base 9) to base 11.
-371
What is 110555 (base 7) in base 12?
b345
What is 101011000 (base 2) in base 14?
1a8
Convert -14407 (base 12) to base 8.
-67107
1b8 (base 12) to base 8
434
582a (base 14) to base 9
23018
c85b (base 13) to base 7
144012
-20111 (base 6) to base 13
-1279
Convert -11232 (base 4) to base 11.
-303
-1b97 (base 16) to base 13
-32a4
What is -43312 (base 6) in base 3?
-22011022
20102211 (base 3) to base 14
19d3
What is -11608 (base 10) in base 6?
-125424
9425 (base 12) to base 6
202445
4c3c (base 14) to base 16
3446
What is -41030 (base 5) in base 2?
-101001010000
What is -61520 (base 7) in base 4?
-3222200
What is 8a4 (base 11) in base 10?
1082
Convert 1000110110101 (base 2) to base 10.
4533
12020 (base 4) to base 7
1100
What is -10001101 (base 2) in base 10?
-141
Convert -2443 (base 6) to base 5.
-4403
Convert 1002 (base 4) to base 8.
102
-604 (base 13) to base 10
-1018
Convert 1011000110110 (base 2) to base 4.
1120312
What is -9549 (base 16) in base 9?
-57373
Convert -6543 (base 12) to base 5.
-324024
24130 (base 9) to base 10
16146
What is -1110011110010 (base 2) in base 8?
-16362
Convert 3150 (base 6) to base 2.
1011001010
Convert 4511 (base 8) to base 2.
100101001001
Convert 1884 (base 10) to base 16.
75c
1001000001 (base 2) to base 16
241
1280 (base 10) to base 15
5a5
1246 (base 10) to base 13
74b
Convert 311 (base 15) to base 5.
10231
What is -1332 (base 7) in base 16?
-201
What is -711 (base 16) in base 13?
-a92
What is -22cd (base 16) in base 7?
-34655
-20000 (base 3) to base 10
-162
What is 1111101011010 (base 2) in base 13?
3865
What is -75c (base 16) in base 7?
-5331
What is 17ab (base 12) in base 8?
5463
What is 3880 (base 12) in base 6?
45440
What is 25721 (base 14) in base 5?
10420303
Convert 1215 (base 7) to base 14.
245
Convert 256 (base 11) to base 10.
303
What is -3101 (base 4) in base 5?
-1314
1010 (base 8) to base 9
637
What is 154553 (base 6) in base 8?
35745
What is -2485 (base 10) in base 4?
-212311
What is -35 (base 14) in base 9?
-52
Convert -111000101011 (base 2) to base 15.
-111c
-12420 (base 7) to base 11
-2528
-202 (base 6) to base 8
-112
What is -1a2c (base 14) in base 6?
-33544
What is 3b2 (base 12) in base 9?
688
-101002111 (base 3) to base 15
-22a7
22220 (base 6) to base 12
1970
-1379 (base 10) to base 16
-563
What is -1546 (base 16) in base 6?
-41114
Convert 254 (base 9) to base 15.
e1
2959 (base 13) to base 14
227b
What is 1b30 (base 12) in base 9?
4530
Convert -110101010011 (base 2) to base 15.
-1026
Convert -3211 (base 5) to base 12.
-2bb
What is -1338 (base 10) in base 12?
-936
17a (base 16) to base 11
314
1202021110 (base 3) to base 2
1000011010100000
Convert 54 (base 13) to base 11.
63
-1010221002 (base 3) to base 16
-5813
What is -2163 (base 10) in base 15?
-993
What is -1159 (base 15) in base 10?
-3684
What is -10060 (base 8) in base 3?
-12200111
-1675 (base 12) to base 16
-a79
-14c (base 16) to base 10
-332
Convert 151 (base 12) to base 15.
da
-304104 (base 5) to base 9
-14524
10000011 (base 2) to base 13
a1
What is 2e59 (base 15) in base 12?
5940
What is -1338 (base 10) in base 12?
-936
21102 (base 4) to base 13
369
What is 5ab4 (base 15) in base 11?
13550
-25036 (base 7) to base 5
-202134
Convert 125 (base 11) to base 3.
12111
What is a7 (base 16) in base 8?
247
What is 67e3 (base 15) in base 2?
101011000010110
-685 (base 10) to base 14
-36d
Convert -11111000 (base 2) to base 3.
-100012
What is 511 (base 9) in base 11?
348
Convert 264d (base 16) to base 14.
3805
What is -224320 (base 5) in base 2?
-1111110010101
40716 (base 8) to base 13
788b
-2211 (base 5) to base 